+ 739. What is j(4)?
155
Let v(g) = 517*g + 543. Calculate v(-1).
26
Let r(f) = 2*f**3 - 126*f**2 - 6*f + 359. What is r(63)?
-19
Let q(r) = 7*r + 474. What is q(-66)?
12
Let n(d) = -1554*d + 1531. What is n(1)?
-23
Let p(v) = 181*v - 51. Determine p(3).
492
Let j(s) = -2*s**3 + 26*s**2 + 62*s - 24. Calculate j(15).
6
Let c(r) = 12*r + 266. Calculate c(-15).
86
Let m(f) = -27*f - 311. What is m(-7)?
-122
Let i(d) = -d**2 - 56*d - 618. Give i(-40).
22
Let l(u) = u**2 - 51*u + 307. Give l(44).
-1
Let w(l) = 10*l**2 - 69*l + 132. Calculate w(2).
34
Let t(s) = -7*s**2 - 118*s + 140. Determine t(-18).
-4
Let h(g) = 18*g**2 - 8*g - 11. Calculate h(3).
127
Let k(h) = -3*h**3 - 92*h**2 + 33*h + 43. Give k(-31).
-19
Let p(l) = 552*l - 13244. Calculate p(24).
4
Let v(f) = -61*f - 2563. Determine v(-42).
-1
Let q(m) = -6*m**2 - 109*m - 40. Give q(-18).
-22
Let s(q) = 2*q**3 + 74*q**2 - 37*q + 1473. What is s(-38)?
-9
Let s(z) = 7*z**2 - 84*z + 4. Give s(15).
319
Let m(b) = -b**2 + 153*b - 4415. What is m(39)?
31
Let i(d) = 6*d + 236. Calculate i(-40).
-4
Let o(b) = -2*b**3 + 4*b**2 - 8*b - 14. Determine o(-2).
34
Let w(v) = v**3 - 9*v**2 + 148*v - 1872. Calculate w(11).
-2
Let c(v) = -2*v**3 + 13*v**2 + 147*v - 27. Calculate c(12).
153
Let x(v) = 9*v - 27. Calculate x(-1).
-36
Let y(a) = -a**3 + 37*a**2 - 162*a + 66. Determine y(32).
2
Let a(x) = x**3 + 95*x**2 - 10*x - 155. Give a(-95).
795
Let r(j) = -j**2 + 2325*j + 23359. What is r(-10)?
9
Let w(v) = v**3 + 48*v**2 - 202*v + 320. Calculate w(-52).
8
Let o(x) = -3*x**2 + 29*x + 620. Calculate o(-14).
-374
Let z(c) = -c**2 - 10*c + 79. Calculate z(0).
79
Let d(g) = g**3 - 139*g**2 + 3*g - 212. Determine d(0).
-212
Let a(w) = 2*w**3 + 77*w**2 - 39*w - 68. Give a(-39).
-68
Let k(h) = 22*h + 406. What is k(-21)?
-56
Let j(k) = 1315*k + 2522. Calculate j(-2).
-108
Let p(o) = 116*o - 3184. What is p(27)?
-52
Let h(o) = 2835*o - 82222. Determine h(29).
-7
Let a(s) = -s**3 - 21*s**2 - 105*s + 17. Give a(-9).
-10
Let u(i) = 4*i**3 - 3*i**2 - 18*i + 81. What is u(5)?
416
Let c(q) = -q**3 - q**2 - 14*q - 79. Give c(-4).
25
Let s(p) = p**3 - 51*p**2 - 337*p - 84. Determine s(57).
201
Let g(v) = -v**2 + 124*v + 2733. Determine g(-19).
16
Let k(u) = -u**3 + 23*u**2 + 74*u - 320. What is k(26)?
-424
Let t(i) = i**3 - 68*i**2 + 248*i + 504. Give t(64).
-8
Let z(n) = n**3 + 6*n**2 - 64*n + 9. Determine z(-12).
-87
Let z(l) = -183*l - 9512. Give z(-52).
4
Let p(a) = -a**2 + 42*a + 15. What is p(41)?
56
Let d(j) = -3*j**3 + 37*j**2 - 39*j - 39. Determine d(12).
-363
Let l(j) = 2*j**3 + 39*j**2 - 445*j + 36. Determine l(8).
-4
Let i(x) = -x**2 - 12*x + 136. What is i(-18)?
28
Let g(r) = -r**3 - 52*r**2 - 682*r - 151. Calculate g(-26).
5
Let f(t) = -88*t - 901. What is f(-10)?
-21
Let i(a) = 286*a + 288. Give i(-1).
2
Let z(q) = -14*q + 465. Give z(26).
101
Let c(f) = 124*f + 66. Calculate c(-1).
-58
Let c(d) = 9*d**2 + 64*d + 194. Calculate c(-3).
83
Let b(u) = 4*u**3 + 34*u**2 - 12*u - 49. What is b(-10)?
-529
Let j(c) = -11*c + 32. What is j(0)?
32
Let s(c) = 365*c + 365. Determine s(-1).
0
Let a(w) = 359*w**2 - 1054*w - 63. Give a(3).
6
Let q(y) = -39*y**3 - 7*y**2 + 19*y - 10. Determine q(3).
-1069
Let g(m) = m**2 + 75*m + 1407. Calculate g(-42).
21
Let y(o) = o**3 - 4*o**2 - 87*o - 8. What is y(12)?
100
Let l(n) = 40*n - 40. Give l(6).
200
Let p(i) = i**3 + 12*i**2 - 55*i + 137. What is p(-16)?
-7
Let p(n) = 320*n + 832. Calculate p(-3).
-128
Let b(q) = -372*q - 20861. Give b(-56).
-29
Let l(u) = -u**2 + 6*u - 7. Calculate l(10).
-47
Let x(r) = -111*r**2 + 673*r - 39. Calculate x(6).
3
Let s(u) = -244*u + 16338. Give s(67).
-10
Let k(z) = -z**2 - 174*z - 1210. Give k(-7).
-41
Let a(w) = -293*w - 901. Give a(-3).
-22
Let t(i) = -i**3 + 18*i**2 + 57*i + 52. Calculate t(21).
-74
Let s(g) = g**3 - 78*g**2 + 363*g + 160. Give s(73).
14
Let i(l) = l**3 + 3*l**2 + 96*l + 9. Determine i(0).
9
Let g(r) = -2*r**3 - 15*r**2 + 101*r + 371. What is g(-3)?
-13
Let r(l) = l**2 - 121*l + 2923. Give r(33).
19
Let b(s) = 75*s + 7846. What is b(-105)?
-29
Let y(w) = 3*w**3 + 500*w**2 - 1696*w + 705. Give y(-170).
25
Let n(s) = 4*s - 215. Determine n(4).
-199
Let m(b) = -b**3 - 9*b**2 + 443*b + 19. Determine m(-26).
-7
Let p(z) = -10*z + 451. Calculate p(49).
-39
Let q(u) = 13*u**2 + 11*u - 23. Determine q(3).
127
Let t(w) = 52*w**2 - 1715*w - 32. Give t(33).
1
Let r(w) = -11*w**2 - 616*w - 10. Calculate r(-56).
-10
Let p(d) = -22*d**2 + 111*d - 14. What is p(7)?
-315
Let r(f) = -f**3 + 18*f**2 + 35*f + 38. Determine r(20).
-62
Let t(c) = 58*c + 379. Determine t(-9).
-143
Let s(d) = 237*d**2 + 4025*d + 6. Give s(-17).
74
Let a(h) = -h**2 - 239*h - 9863. What is a(-53)?
-5
Let r(f) = -f**2 + 108*f + 3046. What is r(130)?
186
Let i(r) = 50*r - 62. Determine i(6).
238
Let g(o) = 3*o**3 - 10*o**2 - 21*o - 16. Determine g(5).
4
Let q(h) = -4184*h - 46032. Determine q(-11).
-8
Let w(s) = -30*s - 1364. Determine w(-46).
16
Let n(y) = 70*y - 18. Give n(2).
122
Let d(v) = 5*v**2 - 386*v + 747. Give d(2).
-5
Let n(m) = 361*m + 1087. Calculate n(-3).
4
Let s(x) = 30*x + 154. Calculate s(-6).
-26
Let z(q) = -q**3 + 16*q**2 + 33*q + 12. Determine z(18).
-42
Let b(d) = 2*d**2 - 805*d - 11678. What is b(-14)?
-16
Let v(m) = 2*m**2 + 6*m - 218. Determine v(-11).
-42
Let j(z) = z**3 - 7*z**2 - 25*z + 68. Calculate j(9).
5
Let c(j) = 2*j**3 + 11*j**2 - 7*j - 37. Give c(-5).
23
Let q(n) = n**3 + 16*n**2 + 4*n + 17. Give q(-16).
-47
Let d(k) = 4*k**2 + 373*k - 2691. Give d(-100).
9
Let n(u) = -u**2 - 46*u + 327. Calculate n(-49).
180
Let c(d) = d**3 - 13*d**2 + 51*d - 3. Determine c(4).
57
Let a(t) = 4*t**2 + 82*t + 4. Give a(-21).
46
Let l(g) = -2*g + 128. Give l(41).
46
Let n(q) = q**3 + 37*q**2 + 101*q - 53. Calculate n(-34).
-19
Let l(w) = -22*w - 33. What is l(-4)?
55
Let a(q) = 149*q + 579. What is a(-4)?
-17
Let o(y) = -13*y**2 + 26*y - 95. Determine o(3).
-134
Let w(p) = 17*p**2 - 406*p - 52. What is w(24)?
-4
Let q(z) = 9*z**3 - 18*z**2 + 2*z - 25. Determine q(3).
62
Let h(t) = -9*t + 13. What is h(0)?
13
Let m(p) = 7*p**2 + 588*p - 1767. What is m(3)?
60
Let o(b) = -6*b**2 - 131*b + 25. Give o(-22).
3
Let d(m) = -86*m - 325. Give d(-4).
19
Let u(c) = 8*c**2 - 45*c + 17. Calculate u(7).
94
Let o(j) = -j**3 - 11*j**2 + 168*j + 27. Determine o(9).
-81
Let m(b) = b**2 - 91*b + 2044. Calculate m(49).
-14
Let c(d) = -63*d + 79. Give c(3).
-110
Let v(x) = -2*x**3 + 78*x**2 + 644*x + 3. Calculate v(-7).
3
Let g(c) = c**3 + 32*c**2 - 63*c - 4891. Determine g(-28).
9
Let u(s) = 7*s**2 + 4*s - 20. Give u(5).
175
Let o(b) = -b**2 + 1098*b + 5514. Give o(-5).
-1
Let c(v) = -15*v + 522. What is c(16)?
282
Let o(d) = 1686*d - 13482. Calculate o(8).
6
Let a(p) = -223*p**3 + 2*p**2 + p. What is a(-1)?
224
Let i(x) = 4*x**3 + 8*x**2 - 397*x + 16. What is i(-11)?
27
Let m(s) = -30*s**2 + 1390*s - 477. Determine m(46).
-17
Let h(r) = -r**2 - 4307*r - 42975. What is h(-10)?
-5
Let k(w) = -w**2 + 3*w + 9280. Give k(97).
162
Let i(x) = -16*x - 387. What is i(-6)?
-291
Let z(y) = -122*y - 1226. Calculate z(-10).
-6
Let t(q) = 91*q + 718. What is t(-8)?
-10
Let o(b) = -2*b**2 - 292*b - 280. Give o(-145).
10
Let o(f) = 4*f**2 + 12*f - 216. Determine o(-9).
0
Let k(y) = -20*y - 680. Determine k(-31).
-60
Let o(v) = -v**2 + 6*v + 115. Calculate o(12).
43
Let c(z) = -2*z**3 + 84*z**2 + 3*z - 50. Give c(42).
76
Let v(l) = -29*l**3 + 9*l**2 - 21*l + 5. Determine v(2).
-233
Let q(a) = -352*a**3 + 2*a - 3. Calculate q(1).
-353
Let u(o) = 37*o**2 + 327*o - 8. Calculate u(-9).
46
Let h(m) = -43*m + 53. Calculate h(4).
-119
Let z(g) = -909*g - 29085. Calculate z(-32).
3
Let v(y) = 32*y - 225. Give v(7).
-1
Let h(q) = 71*q - 1157. What is h(13)?
-234
Let b(g) = 484*g - 393. What is b(1)?
91
Let m(x) = 47*x**2 - 220*x - 81. Calculate m(5).
-6
Let a(d) = 7*d**3 + 2*d**2 + 15*d - 16. Determine a(1).
8
Let f(a) = -a**3 + 17*a**2 - 11*a + 226. Determine f(17).
39
Let k(w) = -13*w**2 - 60*w - 16. Give k(-5).
-41
Let o(l) = 7*l**3 + 61*l**2 - 28*l - 93. What is o(-9)?
-3
Let j(d) = -55*d - 932. What is j(-17)?
3
Let i(l) = 9*l**2 - 501*l + 322. Determine i(55).
-8
Let z(s) = 39*s - 324. What is z(7)?
-51
Let b(v) = v**3 - 9*v**2 + 16*v + 15. What is b(5)?
-5
Let d(v) = 2*v**3 - 84*v*